6 and 144?
144
What is the highest common divisor of 3330 and 3930?
30
What is the greatest common divisor of 596 and 8?
4
What is the greatest common factor of 70749 and 18207?
63
What is the highest common divisor of 1080716 and 208?
52
What is the greatest common divisor of 51 and 56967?
51
Calculate the greatest common divisor of 1088 and 19074.
34
What is the highest common factor of 583 and 4939?
11
What is the greatest common factor of 2490 and 63165?
15
Calculate the greatest common factor of 3495 and 135140.
1165
Calculate the greatest common factor of 126 and 64197.
63
What is the highest common factor of 72496 and 736?
368
Calculate the greatest common divisor of 13482 and 882.
126
Calculate the highest common factor of 91 and 121537.
13
What is the highest common divisor of 2042407 and 1996?
499
What is the highest common factor of 74403 and 567?
63
What is the greatest common divisor of 7 and 2631?
1
Calculate the highest common divisor of 98 and 492.
2
What is the greatest common factor of 16 and 456208?
16
Calculate the highest common divisor of 108 and 67014.
54
Calculate the greatest common factor of 736 and 1456.
16
What is the greatest common divisor of 2596 and 9853?
59
Calculate the greatest common factor of 18 and 69558.
6
What is the greatest common divisor of 731266 and 762?
254
What is the highest common factor of 94 and 9498794?
94
Calculate the greatest common factor of 175 and 78127.
7
Calculate the greatest common divisor of 914450 and 175.
25
What is the highest common factor of 217462 and 15778?
686
What is the highest common factor of 15894 and 162?
18
Calculate the greatest common divisor of 336314 and 352.
22
What is the highest common divisor of 58865 and 65?
5
What is the greatest common divisor of 280728 and 15624?
504
What is the greatest common factor of 644345 and 805?
115
What is the greatest common divisor of 232 and 4437?
29
What is the highest common divisor of 219 and 26517?
3
Calculate the greatest common factor of 97 and 1613.
1
Calculate the highest common divisor of 1041 and 31924.
347
Calculate the greatest common factor of 68273 and 469.
67
What is the highest common divisor of 1456 and 7865?
13
What is the greatest common factor of 86118 and 186?
186
Calculate the greatest common factor of 18472 and 80.
8
What is the highest common divisor of 1429516 and 4664?
2332
What is the highest common factor of 75755 and 4796?
109
Calculate the greatest common divisor of 18084 and 4620.
132
What is the greatest common divisor of 68 and 318172?
68
Calculate the highest common factor of 5141 and 6890.
53
Calculate the highest common factor of 130 and 795520.
10
What is the highest common divisor of 1952 and 61?
61
Calculate the greatest common divisor of 2714 and 133814.
46
Calculate the greatest common factor of 10 and 78830.
10
Calculate the highest common factor of 5935 and 585.
5
Calculate the highest common divisor of 556 and 895299.
139
Calculate the greatest common divisor of 34 and 140029.
17
Calculate the highest common factor of 5444 and 128.
4
Calculate the highest common factor of 5584 and 400.
16
Calculate the highest common divisor of 338 and 3275389.
169
What is the greatest common factor of 160628 and 52?
52
Calculate the greatest common factor of 17136 and 12.
12
What is the highest common divisor of 86028 and 2747?
67
What is the highest common factor of 182 and 1477?
7
What is the highest common divisor of 88 and 157916?
44
Calculate the highest common divisor of 5 and 5455.
5
Calculate the highest common factor of 1202 and 257.
1
What is the greatest common divisor of 42 and 4497402?
42
Calculate the greatest common factor of 18791 and 6665.
43
What is the greatest common divisor of 480 and 500880?
240
What is the highest common divisor of 799 and 1061072?
799
Calculate the highest common factor of 495 and 650.
5
Calculate the greatest common divisor of 298312 and 761.
761
What is the greatest common divisor of 36 and 69210?
18
Calculate the greatest common factor of 26 and 426257.
13
Calculate the greatest common factor of 14 and 52409.
7
What is the greatest common divisor of 17222 and 5450?
218
What is the highest common factor of 1194394 and 522?
58
Calculate the highest common factor of 297886 and 188.
94
Calculate the greatest common factor of 270 and 580176.
54
Calculate the highest common divisor of 1906327 and 19.
19
Calculate the highest common divisor of 101 and 16059.
101
Calculate the highest common divisor of 3 and 67866.
3
Calculate the highest common divisor of 12 and 9546.
6
What is the highest common factor of 8358 and 210?
42
Calculate the greatest common divisor of 114 and 204193.
19
What is the highest common divisor of 51725 and 25?
25
Calculate the greatest common divisor of 215860 and 40.
20
Calculate the greatest common factor of 512 and 400.
16
Calculate the greatest common divisor of 64 and 30816.
32
What is the greatest common factor of 65760 and 5520?
240
Calculate the greatest common divisor of 125890 and 330.
10
Calculate the greatest common factor of 144 and 32310.
18
What is the highest common factor of 160766 and 992?
62
What is the highest common divisor of 3325 and 285?
95
Calculate the highest common factor of 106 and 21333454.
106
What is the highest common divisor of 132385 and 5742?
319
Calculate the greatest common divisor of 1797 and 6178685.
599
Calculate the greatest common divisor of 410 and 1998545.
205
Calculate the highest common factor of 8337 and 1495896.
1191
What is the highest common divisor of 168 and 583086?
42
Calculate the highest common factor of 959 and 3847919.
137
What is the greatest common divisor of 32 and 419264?
32
What is the highest common factor of 63740 and 160?
20
Calculate the highest common divisor of 169 and 437.
1
Calculate the greatest common divisor of 98332 and 1456.
52
What is the highest common factor of 2977 and 533?
13
What is the greatest common divisor of 507 and 10959?
39
What is the highest common factor of 123714 and 36?
18
What is the greatest common factor of 7835 and 215?
5
What is the highest common factor of 12213 and 369045?
531
What is the highest common divisor of 857220 and 420?
420
What is the greatest common factor of 196930 and 2933?
419
What is the greatest common divisor of 21 and 31773?
21
Calculate the highest common divisor of 12 and 1657800.
12
What is the greatest common factor of 15 and 261210?
15
What is the greatest common divisor of 144 and 461880?
72
Calculate the highest common divisor of 21450 and 442.
26
Calculate the highest common factor of 164 and 49651.
41
Calculate the highest common divisor of 17576 and 1833.
13
What is the highest common divisor of 17459 and 728?
13
Calculate the highest common factor of 1177935 and 363.
363
What is the highest common divisor of 4836 and 44082?
186
Calculate the highest common factor of 545232 and 400.
16
What is the highest common divisor of 180 and 477?
9
What is the highest common factor of 10207 and 2891?
59
Calculate the greatest common divisor of 9933 and 1075.
43
What is the highest common divisor of 1450216 and 96?
8
What is the greatest common factor of 64584 and 7101?
27
What is the greatest common divisor of 869 and 1243?
11
Calculate the highest common divisor of 959608 and 26.
26
What is the greatest common factor of 1035 and 5715?
45
What is the highest common divisor of 11823 and 3591?
21
Calculate the highest common factor of 923 and 32589.
71
Calculate the highest common factor of 7 and 2690772.
7
Calculate the greatest common divisor of 814599 and 72.
9
What is the greatest common factor of 110708 and 13?
13
Calculate the highest common factor of 574 and 5125.
41
Calculate the greatest common factor of 77536 and 64.
32
What is the highest common factor of 714 and 2870?
14
Calculate the highest common divisor of 108108 and 4347.
189
What is the highest common divisor of 101751 and 273?
39
What is the greatest common factor of 1445 and 191845?
85
Calculate the highest common divisor of 10500 and 126300.
300
What is the greatest common divisor of 249 and 367109?
83
What is the greatest common divisor of 18165 and 1785?
105
Calculate the greatest common divisor of 35135 and 5.
5
What is the greatest common factor 